{"id":407,"date":"2021-05-29T15:21:51","date_gmt":"2021-05-29T12:21:51","guid":{"rendered":"https:\/\/fideslogistics.com\/?page_id=407"},"modified":"2022-10-17T09:43:12","modified_gmt":"2022-10-17T06:43:12","slug":"felsefemiz","status":"publish","type":"page","link":"https:\/\/fideslogistics.com\/tr\/felsefemiz\/","title":{"rendered":"Felsefemiz"},"content":{"rendered":"<div      class=\"vc_row wpb_row section vc_row-fluid  vc_custom_1477930468034 grid_section\" style=' text-align:left;'><div class=\"section_inner clearfix\"><div class='section_inner_margin clearfix'><div class=\"wpb_column vc_column_container vc_col-sm-12 vc_col-lg-6 vc_col-md-6\"><div class=\"vc_column-inner\"><div class=\"wpb_wrapper\">\t<div class=\"vc_empty_space\"  style=\"height: 8px\" ><span\n\t\t\tclass=\"vc_empty_space_inner\">\n\t\t\t<span class=\"empty_space_image\"  ><\/span>\n\t\t<\/span><\/div>\n\n\n\t<div class=\"wpb_single_image wpb_content_element vc_align_left\">\n\t\t<div class=\"wpb_wrapper\">\n\t\t\t\n\t\t\t<div class=\"vc_single_image-wrapper   vc_box_border_grey\"><img width=\"634\" height=\"289\" src=\"https:\/\/fideslogistics.com\/wp-content\/uploads\/2016\/10\/about-3.jpg\" class=\"vc_single_image-img attachment-full\" alt=\"a\" loading=\"lazy\" srcset=\"https:\/\/fideslogistics.com\/wp-content\/uploads\/2016\/10\/about-3.jpg 634w, https:\/\/fideslogistics.com\/wp-content\/uploads\/2016\/10\/about-3-300x137.jpg 300w\" sizes=\"(max-width: 634px) 100vw, 634px\" \/><\/div>\n\t\t<\/div>\n\t<\/div>\n\t<div class=\"vc_empty_space\"  style=\"height: 45px\" ><span\n\t\t\tclass=\"vc_empty_space_inner\">\n\t\t\t<span class=\"empty_space_image\"  ><\/span>\n\t\t<\/span><\/div>\n\n<\/div><\/div><\/div><div class=\"wpb_column vc_column_container vc_col-sm-12 vc_col-lg-6 vc_col-md-6\"><div class=\"vc_column-inner\"><div class=\"wpb_wrapper\">\n\t<div class=\"wpb_text_column wpb_content_element\">\n\t\t<div class=\"wpb_wrapper\">\n\t\t\t<p>\nYeniliklere ve \u00f6\u011frenmeye daima a\u00e7\u0131\u011f\u0131z. Bu do\u011frultuda her ge\u00e7en g\u00fcn daha fazla yol kat ediyor ve s\u00fcrd\u00fcr\u00fclebilir \u00e7\u00f6z\u00fcmler \u00fcretiyoruz. \u0130\u015f ortaklar\u0131m\u0131za ve sekt\u00f6r\u00fcm\u00fcze de\u011fer katmaya \u00e7al\u0131\u015f\u0131yoruz.<\/p>\n\n\t\t<\/div> \n\t<\/div> \t<div class=\"vc_empty_space\"  style=\"height: 14px\" ><span\n\t\t\tclass=\"vc_empty_space_inner\">\n\t\t\t<span class=\"empty_space_image\"  ><\/span>\n\t\t<\/span><\/div>\n\n\n\t<div class=\"wpb_text_column wpb_content_element\">\n\t\t<div class=\"wpb_wrapper\">\n\t\t\t<p>\u00dcretim a\u00e7\u0131s\u0131ndan g\u00fc\u00e7l\u00fc bir konumda olan Almanya\u2019daki \u015firketleri, lojistik g\u00fcc\u00fcm\u00fczle daha ileriye ta\u015f\u0131may\u0131, uluslararas\u0131 pazarda rekabet g\u00fc\u00e7lerini art\u0131rmay\u0131 ama\u00e7l\u0131yoruz.<\/p>\n\n\t\t<\/div> \n\t<\/div> \t<div class=\"vc_empty_space\"  style=\"height: 14px\" ><span\n\t\t\tclass=\"vc_empty_space_inner\">\n\t\t\t<span class=\"empty_space_image\"  ><\/span>\n\t\t<\/span><\/div>\n\n\n\t<div class=\"wpb_text_column wpb_content_element\">\n\t\t<div class=\"wpb_wrapper\">\n\t\t\t<p>Bu amaca ula\u015fma yolunda daha mutlu m\u00fc\u015fteriler, daha temiz bir \u00e7evre, s\u00fcrd\u00fcr\u00fclebilir \u00e7\u00f6z\u00fcmler ve yenilik\u00e7i yakla\u015f\u0131mlar hedefliyor, etik kurallar ve sosyal sorumluluk bilinciyle hareket ediyoruz.<\/p>\n\n\t\t<\/div> \n\t<\/div> \t<div class=\"vc_empty_space\"  style=\"height: 45px\" ><span\n\t\t\tclass=\"vc_empty_space_inner\">\n\t\t\t<span class=\"empty_space_image\"  ><\/span>\n\t\t<\/span><\/div>\n\n<\/div><\/div><\/div><\/div><\/div><\/div>","protected":false},"excerpt":{"rendered":"Kompetenz in Perfektion! Wir wollen die produktionsstarken Unternehmen in Deutschland mit unserer Logistikkraft weiterbringen und Ihre Wettbewerbsf\u00e4higkeit auf dem internationalen Markt steigern. Ethisches und soziales Verantwortungsbewusstsein regeln unser Handeln f\u00fcr gl\u00fcckliche Kunden, eine saubere Umwelt, nachhaltige L\u00f6sungen und innovative Ans\u00e4tze. Qualit\u00e4t Unsere Qualit\u00e4tspolitik verpflichtet uns...","protected":false},"author":1,"featured_media":0,"parent":0,"menu_order":0,"comment_status":"closed","ping_status":"closed","template":"","meta":[],"_links":{"self":[{"href":"https:\/\/fideslogistics.com\/tr\/wp-json\/wp\/v2\/pages\/407"}],"collection":[{"href":"https:\/\/fideslogistics.com\/tr\/wp-json\/wp\/v2\/pages"}],"about":[{"href":"https:\/\/fideslogistics.com\/tr\/wp-json\/wp\/v2\/types\/page"}],"author":[{"embeddable":true,"href":"https:\/\/fideslogistics.com\/tr\/wp-json\/wp\/v2\/users\/1"}],"replies":[{"embeddable":true,"href":"https:\/\/fideslogistics.com\/tr\/wp-json\/wp\/v2\/comments?post=407"}],"version-history":[{"count":4,"href":"https:\/\/fideslogistics.com\/tr\/wp-json\/wp\/v2\/pages\/407\/revisions"}],"predecessor-version":[{"id":976,"href":"https:\/\/fideslogistics.com\/tr\/wp-json\/wp\/v2\/pages\/407\/revisions\/976"}],"wp:attachment":[{"href":"https:\/\/fideslogistics.com\/tr\/wp-json\/wp\/v2\/media?parent=407"}],"curies":[{"name":"wp","href":"https:\/\/api.w.org\/{rel}","templated":true}]}}

<div      class="vc_row wpb_row section vc_row-fluid  vc_custom_1477930468034 grid_section" style=' text-align:left;'><div class="section_inner clearfix"><div class='section_inner_margin clearfix'><div class="wpb_column vc_column_container vc_col-sm-12 vc_col-lg-6 vc_col-md-6"><div class="vc_column-inner"><div class="wpb_wrapper">	<div class="vc_empty_space"  style="height: 8px" ><span
			class="vc_empty_space_inner">
			<span class="empty_space_image"  ></span>
		</span></div>


	<div class="wpb_single_image wpb_content_element vc_align_left">
		<div class="wpb_wrapper">
			
			<div class="vc_single_image-wrapper   vc_box_border_grey"><img width="634" height="289" src="https://fideslogistics.com/wp-content/uploads/2016/10/about-3.jpg" class="vc_single_image-img attachment-full" alt="a" loading="lazy" srcset="https://fideslogistics.com/wp-content/uploads/2016/10/about-3.jpg 634w, https://fideslogistics.com/wp-content/uploads/2016/10/about-3-300x137.jpg 300w" sizes="(max-width: 634px) 100vw, 634px" /></div>
		</div>
	</div>
	<div class="vc_empty_space"  style="height: 45px" ><span
			class="vc_empty_space_inner">
			<span class="empty_space_image"  ></span>
		</span></div>

</div></div></div><div class="wpb_column vc_column_container vc_col-sm-12 vc_col-lg-6 vc_col-md-6"><div class="vc_column-inner"><div class="wpb_wrapper">
	<div class="wpb_text_column wpb_content_element">
		<div class="wpb_wrapper">
			<p>
Yeniliklere ve öğrenmeye daima açığız. Bu doğrultuda her geçen gün daha fazla yol kat ediyor ve sürdürülebilir çözümler üretiyoruz. İş ortaklarımıza ve sektörümüze değer katmaya çalışıyoruz.</p>

		</div> 
	</div> 	<div class="vc_empty_space"  style="height: 14px" ><span
			class="vc_empty_space_inner">
			<span class="empty_space_image"  ></span>
		</span></div>


	<div class="wpb_text_column wpb_content_element">
		<div class="wpb_wrapper">
			<p>Üretim açısından güçlü bir konumda olan Almanya’daki şirketleri, lojistik gücümüzle daha ileriye taşımayı, uluslararası pazarda rekabet güçlerini artırmayı amaçlıyoruz.</p>

		</div> 
	</div> 	<div class="vc_empty_space"  style="height: 14px" ><span
			class="vc_empty_space_inner">
			<span class="empty_space_image"  ></span>
		</span></div>


	<div class="wpb_text_column wpb_content_element">
		<div class="wpb_wrapper">
			<p>Bu amaca ulaşma yolunda daha mutlu müşteriler, daha temiz bir çevre, sürdürülebilir çözümler ve yenilikçi yaklaşımlar hedefliyor, etik kurallar ve sosyal sorumluluk bilinciyle hareket ediyoruz.</p>

		</div> 
	</div> 	<div class="vc_empty_space"  style="height: 45px" ><span
			class="vc_empty_space_inner">
			<span class="empty_space_image"  ></span>
		</span></div>

</div></div></div></div></div></div>

Kompetenz in Perfektion! Wir wollen die produktionsstarken Unternehmen in Deutschland mit unserer Logistikkraft weiterbringen und Ihre Wettbewerbsfähigkeit auf dem internationalen Markt steigern. Ethisches und soziales Verantwortungsbewusstsein regeln unser Handeln für glückliche Kunden, eine saubere Umwelt, nachhaltige Lösungen und innovative Ansätze. Qualität Unsere Qualitätspolitik verpflichtet uns...
